{"id":477,"date":"2015-02-26T07:43:35","date_gmt":"2015-02-26T07:43:35","guid":{"rendered":"http:\/\/www.vidaldental.es\/?page_id=477"},"modified":"2023-07-14T13:40:42","modified_gmt":"2023-07-14T13:40:42","slug":"mestra-2","status":"publish","type":"page","link":"https:\/\/www.vidaldental.es\/?page_id=477","title":{"rendered":"MESTRA CLINICA"},"content":{"rendered":"<p style=\"text-align: center;\"><span style=\"color: #000080;\"><img decoding=\"async\" loading=\"lazy\" src=\"https:\/\/www.vidaldental.es\/wp-content\/uploads\/2023\/07\/imagen_2023-07-14_154037470.png\" alt=\"\" width=\"252\" height=\"118\" class=\"alignnone size-full wp-image-5308\" \/><\/span><\/p>\n<p style=\"text-align: center;\"><span style=\"color: #000080;\">MESTRA CLINICA<\/span><\/p>\n<p style=\"text-align: center;\"><span style=\"color: #000080;\"><object class=\"vanilla-pdf-embed\" data=\"http:\/\/www.vidaldental.es\/wp-content\/uploads\/2015\/02\/Mestra-Catalogo-Clinica-2023.pdf#page=1&view=FitH\" type=\"application\/pdf\" width=\"100%\" height=\"500em\">\n    <p><a href=\"http:\/\/www.vidaldental.es\/wp-content\/uploads\/2015\/02\/Mestra-Catalogo-Clinica-2023.pdf\">Download the PDF file .<\/a><\/p>\n<\/object><\/span><\/p>\n<p style=\"text-align: center;\">\n<p>&nbsp;<\/p>\n<p style=\"text-align: center;\">\n<p>&nbsp;<\/p>\n<p style=\"text-align: center;\">\n<p>&nbsp;<\/p>\n<p style=\"text-align: center;\"><span style=\"color: #000080;\"><br \/>\nSi tu navegador no tiene la extensi\u00f3n para ver PDFs online puedes instalarlas desde<br \/>\n<a style=\"color: #000080;\" href=\"https:\/\/addons.opera.com\/es\/extensions\/details\/pdf-viewer\/?display=en\" target=\"_blank\" rel=\"noopener\">aqu\u00ed para Opera<\/a> , <a style=\"color: #000080;\" href=\"https:\/\/chrome.google.com\/webstore\/detail\/pdf-viewer\/oemmndcbldboiebfnladdacbdfmadadm\" target=\"_blank\" rel=\"noopener\">aqu\u00ed para Chrome <\/a>y <a style=\"color: #000080;\" href=\"https:\/\/addons.mozilla.org\/es\/firefox\/addon\/pdfjs\/\" target=\"_blank\" rel=\"noopener\">aqu\u00ed para Firefox<\/a>.<br \/>\nInternet Explorer deber\u00eda hacerlo si tienes Acrobat Acrobat PDF Reader instalado en tu PC.<\/span><\/p>\n<p style=\"text-align: center;\">\n<p style=\"text-align: center;\"><span style=\"color: #000080;\"><b><a style=\"color: #000080;\" href=\"http:\/\/www.vidaldental.es\/wp-content\/uploads\/2015\/02\/Mestra-Catalogo-Clinica-2023.pdf\" target=\"_blank\" rel=\"noopener\">Tambi\u00e9n puedes abrir el documento directamente pulsando aqu\u00ed<\/a><\/b><\/span><\/p>\n<div class=\"pvc_clear\"><\/div>\n<p id=\"pvc_stats_477\" class=\"pvc_stats all  \" data-element-id=\"477\" style=\"\"><i class=\"pvc-stats-icon medium\" aria-hidden=\"true\"><svg aria-hidden=\"true\" focusable=\"false\" data-prefix=\"far\" data-icon=\"chart-bar\" role=\"img\" xmlns=\"http:\/\/www.w3.org\/2000\/svg\" viewBox=\"0 0 512 512\" class=\"svg-inline--fa fa-chart-bar fa-w-16 fa-2x\"><path fill=\"currentColor\" d=\"M396.8 352h22.4c6.4 0 12.8-6.4 12.8-12.8V108.8c0-6.4-6.4-12.8-12.8-12.8h-22.4c-6.4 0-12.8 6.4-12.8 12.8v230.4c0 6.4 6.4 12.8 12.8 12.8zm-192 0h22.4c6.4 0 12.8-6.4 12.8-12.8V140.8c0-6.4-6.4-12.8-12.8-12.8h-22.4c-6.4 0-12.8 6.4-12.8 12.8v198.4c0 6.4 6.4 12.8 12.8 12.8zm96 0h22.4c6.4 0 12.8-6.4 12.8-12.8V204.8c0-6.4-6.4-12.8-12.8-12.8h-22.4c-6.4 0-12.8 6.4-12.8 12.8v134.4c0 6.4 6.4 12.8 12.8 12.8zM496 400H48V80c0-8.84-7.16-16-16-16H16C7.16 64 0 71.16 0 80v336c0 17.67 14.33 32 32 32h464c8.84 0 16-7.16 16-16v-16c0-8.84-7.16-16-16-16zm-387.2-48h22.4c6.4 0 12.8-6.4 12.8-12.8v-70.4c0-6.4-6.4-12.8-12.8-12.8h-22.4c-6.4 0-12.8 6.4-12.8 12.8v70.4c0 6.4 6.4 12.8 12.8 12.8z\" class=\"\"><\/path><\/svg><\/i> <img decoding=\"async\" loading=\"lazy\" width=\"16\" height=\"16\" alt=\"Loading\" src=\"https:\/\/www.vidaldental.es\/wp-content\/plugins\/page-views-count\/ajax-loader-2x.gif\" border=0 \/><\/p>\n<div class=\"pvc_clear\"><\/div>\n","protected":false},"excerpt":{"rendered":"<p>MESTRA CLINICA &nbsp; &nbsp; &nbsp; Si tu navegador no tiene la extensi\u00f3n para ver PDFs online puedes instalarlas desde aqu\u00ed para Opera , aqu\u00ed para Chrome y aqu\u00ed para Firefox. Internet Explorer deber\u00eda hacerlo si tienes Acrobat Acrobat PDF Reader instalado en tu PC. Tambi\u00e9n puedes abrir el documento directamente pulsando aqu\u00ed<\/p>\n<div class=\"pvc_clear\"><\/div>\n<p id=\"pvc_stats_477\" class=\"pvc_stats all  \" data-element-id=\"477\" style=\"\"><i class=\"pvc-stats-icon medium\" aria-hidden=\"true\"><svg aria-hidden=\"true\" focusable=\"false\" data-prefix=\"far\" data-icon=\"chart-bar\" role=\"img\" xmlns=\"http:\/\/www.w3.org\/2000\/svg\" viewBox=\"0 0 512 512\" class=\"svg-inline--fa fa-chart-bar fa-w-16 fa-2x\"><path fill=\"currentColor\" d=\"M396.8 352h22.4c6.4 0 12.8-6.4 12.8-12.8V108.8c0-6.4-6.4-12.8-12.8-12.8h-22.4c-6.4 0-12.8 6.4-12.8 12.8v230.4c0 6.4 6.4 12.8 12.8 12.8zm-192 0h22.4c6.4 0 12.8-6.4 12.8-12.8V140.8c0-6.4-6.4-12.8-12.8-12.8h-22.4c-6.4 0-12.8 6.4-12.8 12.8v198.4c0 6.4 6.4 12.8 12.8 12.8zm96 0h22.4c6.4 0 12.8-6.4 12.8-12.8V204.8c0-6.4-6.4-12.8-12.8-12.8h-22.4c-6.4 0-12.8 6.4-12.8 12.8v134.4c0 6.4 6.4 12.8 12.8 12.8zM496 400H48V80c0-8.84-7.16-16-16-16H16C7.16 64 0 71.16 0 80v336c0 17.67 14.33 32 32 32h464c8.84 0 16-7.16 16-16v-16c0-8.84-7.16-16-16-16zm-387.2-48h22.4c6.4 0 12.8-6.4 12.8-12.8v-70.4c0-6.4-6.4-12.8-12.8-12.8h-22.4c-6.4 0-12.8 6.4-12.8 12.8v70.4c0 6.4 6.4 12.8 12.8 12.8z\" class=\"\"><\/path><\/svg><\/i> <img decoding=\"async\" loading=\"lazy\" width=\"16\" height=\"16\" alt=\"Loading\" src=\"https:\/\/www.vidaldental.es\/wp-content\/plugins\/page-views-count\/ajax-loader-2x.gif\" border=0 \/><\/p>\n<div class=\"pvc_clear\"><\/div>\n","protected":false},"author":1,"featured_media":0,"parent":0,"menu_order":7,"comment_status":"open","ping_status":"closed","template":"","meta":[],"_links":{"self":[{"href":"https:\/\/www.vidaldental.es\/index.php?rest_route=\/wp\/v2\/pages\/477"}],"collection":[{"href":"https:\/\/www.vidaldental.es\/index.php?rest_route=\/wp\/v2\/pages"}],"about":[{"href":"https:\/\/www.vidaldental.es\/index.php?rest_route=\/wp\/v2\/types\/page"}],"author":[{"embeddable":true,"href":"https:\/\/www.vidaldental.es\/index.php?rest_route=\/wp\/v2\/users\/1"}],"replies":[{"embeddable":true,"href":"https:\/\/www.vidaldental.es\/index.php?rest_route=%2Fwp%2Fv2%2Fcomments&post=477"}],"version-history":[{"count":9,"href":"https:\/\/www.vidaldental.es\/index.php?rest_route=\/wp\/v2\/pages\/477\/revisions"}],"predecessor-version":[{"id":5309,"href":"https:\/\/www.vidaldental.es\/index.php?rest_route=\/wp\/v2\/pages\/477\/revisions\/5309"}],"wp:attachment":[{"href":"https:\/\/www.vidaldental.es\/index.php?rest_route=%2Fwp%2Fv2%2Fmedia&parent=477"}],"curies":[{"name":"wp","href":"https:\/\/api.w.org\/{rel}","templated":true}]}}