{"id":3013,"date":"2020-04-19T19:06:27","date_gmt":"2020-04-19T19:06:27","guid":{"rendered":"https:\/\/www.vidaldental.es\/?post_type=product&#038;p=3013"},"modified":"2023-03-09T09:08:58","modified_gmt":"2023-03-09T09:08:58","slug":"turbina-smarttorque-mini-lux-s615-l-ref-1-0081643","status":"publish","type":"product","link":"https:\/\/www.vidaldental.es\/?product=turbina-smarttorque-mini-lux-s615-l-ref-1-0081643","title":{"rendered":"Turbina SMARTtorque Mini Lux S615 L KAVO Ref. 1.008.1643"},"content":{"rendered":"<h2 style=\"text-align: left\"><strong>Turbina SMARTtorque Mini Lux S615 L KAVO Ref. 1.0081643<\/strong><\/h2>\n<p>Marcha silenciosa y sin vibraciones.<\/p>\n<p>Potencia de 12 vatios a solo 2,8 bar.<\/p>\n<p>KaVo sistema de sujeci\u00f3n por bot\u00f3n (Hasta 30 N fuerza de sujeci\u00f3n)<\/p>\n<p>Caja de cabeza peque\u00f1a (Altura 12,3 mm. y di\u00e1metro 10.8 mm.)<\/p>\n<p>Spray de una tobera para una refrigeraci\u00f3n \u00f3ptima.<\/p>\n<p>Funci\u00f3n antirretorno incrementada.<\/p>\n<p>KaVo MULTIflex-sistema de acoplamiento.<\/p>\n<p>T\u00e9rmicamente desinfectable.<\/p>\n<p>Se puede esterilizar en el auto-clave hasta 135\u00baC<\/p>\n<p>Opcional: conductor de luz LUX en barra de vidrio (25.000 LUX)<\/p>\n<p>&nbsp;<\/p>\n<p>&nbsp;<\/p>\n<p>&nbsp;<\/p>\n","protected":false},"excerpt":{"rendered":"<p><strong>*Contacte con nosotros para conocer disponibilidad y ofertas<\/strong><\/p>\n","protected":false},"featured_media":3135,"template":"","meta":[],"product_cat":[37,44,34],"product_tag":[],"_links":{"self":[{"href":"https:\/\/www.vidaldental.es\/index.php?rest_route=\/wp\/v2\/product\/3013"}],"collection":[{"href":"https:\/\/www.vidaldental.es\/index.php?rest_route=\/wp\/v2\/product"}],"about":[{"href":"https:\/\/www.vidaldental.es\/index.php?rest_route=\/wp\/v2\/types\/product"}],"wp:featuredmedia":[{"embeddable":true,"href":"https:\/\/www.vidaldental.es\/index.php?rest_route=\/wp\/v2\/media\/3135"}],"wp:attachment":[{"href":"https:\/\/www.vidaldental.es\/index.php?rest_route=%2Fwp%2Fv2%2Fmedia&parent=3013"}],"wp:term":[{"taxonomy":"product_cat","embeddable":true,"href":"https:\/\/www.vidaldental.es\/index.php?rest_route=%2Fwp%2Fv2%2Fproduct_cat&post=3013"},{"taxonomy":"product_tag","embeddable":true,"href":"https:\/\/www.vidaldental.es\/index.php?rest_route=%2Fwp%2Fv2%2Fproduct_tag&post=3013"}],"curies":[{"name":"wp","href":"https:\/\/api.w.org\/{rel}","templated":true}]}}