{"id":4203,"date":"2022-01-29T20:36:21","date_gmt":"2022-01-29T20:36:21","guid":{"rendered":"https:\/\/www.vidaldental.es\/?post_type=product&#038;p=4203"},"modified":"2023-03-08T19:29:15","modified_gmt":"2023-03-08T19:29:15","slug":"horno-de-precalentamiento-hp-50-mestra-ref-080144","status":"publish","type":"product","link":"https:\/\/www.vidaldental.es\/?product=horno-de-precalentamiento-hp-50-mestra-ref-080144","title":{"rendered":"Horno de precalentamiento HP 50 MESTRA Ref. 080144"},"content":{"rendered":"<h2>Horno de precalentamiento HP 50 MESTRA<\/h2>\n<p>La mufla est\u00e1 montada en caja de acero inoxidable 18\/8, el material que mejor soporta los duros requerimientos en cuanto a temperaturas de este tipo de aparatos. Disponen de mufla cer\u00e1mica de alta duraci\u00f3n con resistencias el\u00e9ctricas integradas.<\/p>\n<p>El control electr\u00f3nico puede ser programado con un tiempo de espera hasta el inicio de tratamiento, y tres rampas de calentamiento con sus correspondientes mesetas. Las temperaturas y tiempo de duraci\u00f3n de rampas y mesetas pueden programarse de forma sencilla. Tambi\u00e9n se puede programar en \u00baC por minuto.<\/p>\n<p>Es posible almacenar en memoria hasta un total de 20 programas. Los hornos cuentan con aviso ac\u00fastico de fin de programa, sistema de detecci\u00f3n de puerta abierta y sistema de detecci\u00f3n de rotura en termopar. Se suministra con bandeja cer\u00e1mica portacilindros.<\/p>\n<p>Potencia 2000W<\/p>\n<p>Temperatura m\u00e1xima 1100\u00baC<\/p>\n<p>Capacidad 4,8L<\/p>\n<p>Medidas t\u00e9cnicas: 117 x 180 x 227 mm<\/p>\n","protected":false},"excerpt":{"rendered":"<p><strong>*Contacte con nosotros para conocer disponibilidad y ofertas<\/strong><\/p>\n","protected":false},"featured_media":4204,"template":"","meta":[],"product_cat":[38,34],"product_tag":[],"_links":{"self":[{"href":"https:\/\/www.vidaldental.es\/index.php?rest_route=\/wp\/v2\/product\/4203"}],"collection":[{"href":"https:\/\/www.vidaldental.es\/index.php?rest_route=\/wp\/v2\/product"}],"about":[{"href":"https:\/\/www.vidaldental.es\/index.php?rest_route=\/wp\/v2\/types\/product"}],"wp:featuredmedia":[{"embeddable":true,"href":"https:\/\/www.vidaldental.es\/index.php?rest_route=\/wp\/v2\/media\/4204"}],"wp:attachment":[{"href":"https:\/\/www.vidaldental.es\/index.php?rest_route=%2Fwp%2Fv2%2Fmedia&parent=4203"}],"wp:term":[{"taxonomy":"product_cat","embeddable":true,"href":"https:\/\/www.vidaldental.es\/index.php?rest_route=%2Fwp%2Fv2%2Fproduct_cat&post=4203"},{"taxonomy":"product_tag","embeddable":true,"href":"https:\/\/www.vidaldental.es\/index.php?rest_route=%2Fwp%2Fv2%2Fproduct_tag&post=4203"}],"curies":[{"name":"wp","href":"https:\/\/api.w.org\/{rel}","templated":true}]}}