{"id":4366,"date":"2022-02-03T20:35:41","date_gmt":"2022-02-03T20:35:41","guid":{"rendered":"https:\/\/www.vidaldental.es\/?post_type=product&#038;p=4366"},"modified":"2023-03-08T16:55:01","modified_gmt":"2023-03-08T16:55:01","slug":"autoclave-melag-vacuklav-40-b-evolution-18l-ref-10080","status":"publish","type":"product","link":"https:\/\/www.vidaldental.es\/?product=autoclave-melag-vacuklav-40-b-evolution-18l-ref-10080","title":{"rendered":"Autoclave MELAG Vacuklav 40 B+ Evolution 18L Conexi\u00f3n de agua fija Ref. 10080"},"content":{"rendered":"<p><strong>Autoclave MELAG Vacuklav 40 B+ Evolution 18L Conexi\u00f3n de agua fija Ref. 10080<\/strong><\/p>\n<div class=\"product\">\n<div class=\"description\">\n<div class=\"strong\">El r\u00e1pido autoclave Premium nuevo con DRYtelligence<\/div>\n<p>Ideal y pr\u00e1ctico para todas las cl\u00ednicas, las cuales quieren tener el instrumental esterilizado en un tiempo total de solo 20 minutos en un programa r\u00e1pido tipo B y en 10 minutos el instrumental no embolsado. Incluyendo en cada uno, el pre vac\u00edo fraccionado y el secado. El inteligente y patentado secado DRYtelligence permite adicionalmente la reducci\u00f3n de tiempo de trabajo y ahorrar en recursos, por algoritmos especialmente dise\u00f1ados de un optimo modo para adaptar el ciclo de secado de forma autom\u00e1tica a la carga. El concepto de manejo intuitivo permite un uso sencillo y seguro a trav\u00e9s de la gran pantalla t\u00e1ctil en color. Elegir programas r\u00e1pidamente, evitar errores y documentar f\u00e1cilmente.<\/p>\n<\/div>\n<\/div>\n<div class=\"body\">\n<p>Especialmente innovador en los autoclaves , es el software integrado para la liberaci\u00f3n, identificaci\u00f3n y trazabilidad de los instrumentos. Esta seguridad adicional sin incremento de precio es muy apreciada por los profesionales m\u00e9dicos. El Vacuklav 40 B+ Evoluci\u00f3n no solo es por su bomba de vac\u00edo de anillo de agua la referencia de mercado por su rapidez, sino tambi\u00e9n por su calidad y fiabilidad.<\/p>\n<\/div>\n","protected":false},"excerpt":{"rendered":"<p><strong>*Contacte con nosotros para conocer disponibilidad y ofertas<\/strong><\/p>\n","protected":false},"featured_media":4368,"template":"","meta":[],"product_cat":[48,54,37,34],"product_tag":[],"_links":{"self":[{"href":"https:\/\/www.vidaldental.es\/index.php?rest_route=\/wp\/v2\/product\/4366"}],"collection":[{"href":"https:\/\/www.vidaldental.es\/index.php?rest_route=\/wp\/v2\/product"}],"about":[{"href":"https:\/\/www.vidaldental.es\/index.php?rest_route=\/wp\/v2\/types\/product"}],"wp:featuredmedia":[{"embeddable":true,"href":"https:\/\/www.vidaldental.es\/index.php?rest_route=\/wp\/v2\/media\/4368"}],"wp:attachment":[{"href":"https:\/\/www.vidaldental.es\/index.php?rest_route=%2Fwp%2Fv2%2Fmedia&parent=4366"}],"wp:term":[{"taxonomy":"product_cat","embeddable":true,"href":"https:\/\/www.vidaldental.es\/index.php?rest_route=%2Fwp%2Fv2%2Fproduct_cat&post=4366"},{"taxonomy":"product_tag","embeddable":true,"href":"https:\/\/www.vidaldental.es\/index.php?rest_route=%2Fwp%2Fv2%2Fproduct_tag&post=4366"}],"curies":[{"name":"wp","href":"https:\/\/api.w.org\/{rel}","templated":true}]}}