{"id":4379,"date":"2022-02-03T20:50:54","date_gmt":"2022-02-03T20:50:54","guid":{"rendered":"https:\/\/www.vidaldental.es\/?post_type=product&#038;p=4379"},"modified":"2023-07-26T09:53:38","modified_gmt":"2023-07-26T09:53:38","slug":"autoclave-melag-vacuklav-24b-23l-autonomo-ref-10054","status":"publish","type":"product","link":"https:\/\/www.vidaldental.es\/?product=autoclave-melag-vacuklav-24b-23l-autonomo-ref-10054","title":{"rendered":"Autoclave MELAG Vacuklav 24B+ 23L Aut\u00f3nomo Ref. 10054"},"content":{"rendered":"<p><strong>Autoclave MELAG Vacuklav 24B+ 23L Aut\u00f3nomo Ref. 10054<\/strong><\/p>\n<div class=\"product\">\n<div class=\"description\">\n<div class=\"strong\">\n<div class=\"product\">\n<div class=\"description\">\n<div class=\"strong\">\n<div class=\"strong\">\n<div class=\"product\">\n<div class=\"description\">\n<div class=\"strong\">Seguro y con mas espacio<\/div>\n<p>El Vacuklav 24 B+ es un seguro autoclave de \u201cClase B\u201d ofrece una c\u00e1mara m\u00e1s grande con una profundidad de 10 cm mas (45 cm, volumen 22 litros). De este modo\u00a0puede esterilizar set de instrumentos m\u00e1s largos. Como el\u00a0\u00a0Vacuklav 30 B+\u00a0el Vacuklav\u00a024 B+ lleva montada una bomba de vacio refrigerada por agua, esto es especial para las cl\u00ednicas que deseen realizar esterilizaciones si necesidad de ninguna espera entre ellas.<\/p>\n<\/div>\n<\/div>\n<div class=\"body\">\n<div class=\"teaser-slider\">A trav\u00e9s de una conexi\u00f3n simple conexi\u00f3n igual que una lavadora se puede instalar el Vacuklav 24 B+ en la cl\u00ednica sin grandes obras. La versatilidad en las posibilidades de documentar, el f\u00e1cil manejo y la alta fiabilidad del Vacuklav 24 B+ es lo mas atractivo para las cl\u00ednicas.<\/div>\n<\/div>\n<\/div>\n<\/div>\n<\/div>\n<\/div>\n<\/div>\n<\/div>\n<\/div>\n","protected":false},"excerpt":{"rendered":"<p><strong>*Contacte con nosotros para conocer disponibilidad y ofertas<\/strong><\/p>\n","protected":false},"featured_media":4376,"template":"","meta":[],"product_cat":[48,54,37,90,34],"product_tag":[],"_links":{"self":[{"href":"https:\/\/www.vidaldental.es\/index.php?rest_route=\/wp\/v2\/product\/4379"}],"collection":[{"href":"https:\/\/www.vidaldental.es\/index.php?rest_route=\/wp\/v2\/product"}],"about":[{"href":"https:\/\/www.vidaldental.es\/index.php?rest_route=\/wp\/v2\/types\/product"}],"wp:featuredmedia":[{"embeddable":true,"href":"https:\/\/www.vidaldental.es\/index.php?rest_route=\/wp\/v2\/media\/4376"}],"wp:attachment":[{"href":"https:\/\/www.vidaldental.es\/index.php?rest_route=%2Fwp%2Fv2%2Fmedia&parent=4379"}],"wp:term":[{"taxonomy":"product_cat","embeddable":true,"href":"https:\/\/www.vidaldental.es\/index.php?rest_route=%2Fwp%2Fv2%2Fproduct_cat&post=4379"},{"taxonomy":"product_tag","embeddable":true,"href":"https:\/\/www.vidaldental.es\/index.php?rest_route=%2Fwp%2Fv2%2Fproduct_tag&post=4379"}],"curies":[{"name":"wp","href":"https:\/\/api.w.org\/{rel}","templated":true}]}}