{"id":4380,"date":"2022-02-03T20:55:53","date_gmt":"2022-02-03T20:55:53","guid":{"rendered":"https:\/\/www.vidaldental.es\/?post_type=product&#038;p=4380"},"modified":"2023-07-26T09:53:18","modified_gmt":"2023-07-26T09:53:18","slug":"autoclave-melag-vacuklav-24bl-29l-ref","status":"publish","type":"product","link":"https:\/\/www.vidaldental.es\/?product=autoclave-melag-vacuklav-24bl-29l-ref","title":{"rendered":"Autoclave MELAG Vacuklav 24BL+ 29L Ref. 10052"},"content":{"rendered":"<p><strong>Autoclave MELAG Vacuklav 24BL+ 29L Ref. *****<\/strong><\/p>\n<div class=\"product\">\n<div class=\"description\">\n<div class=\"strong\">\n<div class=\"product\">\n<div class=\"description\">\n<div class=\"strong\">\n<div class=\"strong\">\n<div class=\"product\">\n<div class=\"description\">\n<div class=\"strong\">\n<div class=\"strong\">Un interior espacioso con 60 cm de profundidad<\/div>\n<p>El Vacuklav 24 BL+ tiene una c\u00e1mara de esterilizaci\u00f3n especialmente profunda (60 cm, volumen 29 litros) y especialmente adecuada para cl\u00ednicas y hospitales los cuales quieran esterilizar set de instrumentos especialmente largos. El equipamiento es similar al Vacuklav 24 B+.<\/p>\n<\/div>\n<\/div>\n<\/div>\n<\/div>\n<\/div>\n<\/div>\n<\/div>\n<\/div>\n<\/div>\n<\/div>\n","protected":false},"excerpt":{"rendered":"<p><strong>*Contacte con nosotros para conocer disponibilidad y ofertas<\/strong><\/p>\n","protected":false},"featured_media":4376,"template":"","meta":[],"product_cat":[48,54,37,90,34],"product_tag":[],"_links":{"self":[{"href":"https:\/\/www.vidaldental.es\/index.php?rest_route=\/wp\/v2\/product\/4380"}],"collection":[{"href":"https:\/\/www.vidaldental.es\/index.php?rest_route=\/wp\/v2\/product"}],"about":[{"href":"https:\/\/www.vidaldental.es\/index.php?rest_route=\/wp\/v2\/types\/product"}],"wp:featuredmedia":[{"embeddable":true,"href":"https:\/\/www.vidaldental.es\/index.php?rest_route=\/wp\/v2\/media\/4376"}],"wp:attachment":[{"href":"https:\/\/www.vidaldental.es\/index.php?rest_route=%2Fwp%2Fv2%2Fmedia&parent=4380"}],"wp:term":[{"taxonomy":"product_cat","embeddable":true,"href":"https:\/\/www.vidaldental.es\/index.php?rest_route=%2Fwp%2Fv2%2Fproduct_cat&post=4380"},{"taxonomy":"product_tag","embeddable":true,"href":"https:\/\/www.vidaldental.es\/index.php?rest_route=%2Fwp%2Fv2%2Fproduct_tag&post=4380"}],"curies":[{"name":"wp","href":"https:\/\/api.w.org\/{rel}","templated":true}]}}