{"id":4454,"date":"2022-02-07T15:49:36","date_gmt":"2022-02-07T15:49:36","guid":{"rendered":"https:\/\/www.vidaldental.es\/?post_type=product&#038;p=4454"},"modified":"2023-03-08T16:25:53","modified_gmt":"2023-03-08T16:25:53","slug":"kit-de-osteotomia-piezosurgery-mectron-ref-01520010","status":"publish","type":"product","link":"https:\/\/www.vidaldental.es\/?product=kit-de-osteotomia-piezosurgery-mectron-ref-01520010","title":{"rendered":"Kit de osteotom\u00eda PIEZOSURGERY MECTRON Ref. 01520010"},"content":{"rendered":"<h2>Kit de osteotom\u00eda PIEZOSURGERY MECTRON<\/h2>\n<p>Insertos espec\u00edficos para osteotom\u00edas. Indicado para\u00a0expansi\u00f3n de cresta, t\u00e9cnica de corticotom\u00eda e injerto de bloque \u00f3seo.<\/p>\n<p>Dotado con los insertos: OT7, OT7S-4, OT7S-3, OT8R y OT8L.<\/p>\n<p>Contiene\u00a0bandejas de acero inoxidable\u00a0que permiten una esterilizaci\u00f3n efectiva y un almacenamiento adecuado.<\/p>\n","protected":false},"excerpt":{"rendered":"<p><strong>*Contacte con nosotros para conocer disponibilidad y ofertas<\/strong><\/p>\n","protected":false},"featured_media":4455,"template":"","meta":[],"product_cat":[50,37,43,34],"product_tag":[],"_links":{"self":[{"href":"https:\/\/www.vidaldental.es\/index.php?rest_route=\/wp\/v2\/product\/4454"}],"collection":[{"href":"https:\/\/www.vidaldental.es\/index.php?rest_route=\/wp\/v2\/product"}],"about":[{"href":"https:\/\/www.vidaldental.es\/index.php?rest_route=\/wp\/v2\/types\/product"}],"wp:featuredmedia":[{"embeddable":true,"href":"https:\/\/www.vidaldental.es\/index.php?rest_route=\/wp\/v2\/media\/4455"}],"wp:attachment":[{"href":"https:\/\/www.vidaldental.es\/index.php?rest_route=%2Fwp%2Fv2%2Fmedia&parent=4454"}],"wp:term":[{"taxonomy":"product_cat","embeddable":true,"href":"https:\/\/www.vidaldental.es\/index.php?rest_route=%2Fwp%2Fv2%2Fproduct_cat&post=4454"},{"taxonomy":"product_tag","embeddable":true,"href":"https:\/\/www.vidaldental.es\/index.php?rest_route=%2Fwp%2Fv2%2Fproduct_tag&post=4454"}],"curies":[{"name":"wp","href":"https:\/\/api.w.org\/{rel}","templated":true}]}}