{"id":4458,"date":"2022-02-07T16:07:50","date_gmt":"2022-02-07T16:07:50","guid":{"rendered":"https:\/\/www.vidaldental.es\/?post_type=product&#038;p=4458"},"modified":"2023-03-08T16:25:32","modified_gmt":"2023-03-08T16:25:32","slug":"inserto-osteotomia-ot8r-sierra-angulada-derecha-mectron-ref-03370012","status":"publish","type":"product","link":"https:\/\/www.vidaldental.es\/?product=inserto-osteotomia-ot8r-sierra-angulada-derecha-mectron-ref-03370012","title":{"rendered":"Inserto Osteotom\u00eda OT8R sierra angulada derecha MECTRON Ref. 03370012"},"content":{"rendered":"<h2>Inserto Osteotom\u00eda OT8R sierra angulada derecha MECTRON<\/h2>\n<p>Punta de cirug\u00eda para PIEZOSURGERY\u00a0 con sierra angular derecha, 0.6 mm.<\/p>\n<p>Indicado para osteotom\u00eda horizontal. Para toda la t\u00e9cnica de osteotom\u00eda en maxilar y mand\u00edbula e injerto de bloque \u00f3seo.<\/p>\n<p>Recubrimiento de nitruro de titanio.<\/p>\n","protected":false},"excerpt":{"rendered":"<p><strong>*Contacte con nosotros para conocer disponibilidad y ofertas<\/strong><\/p>\n","protected":false},"featured_media":4460,"template":"","meta":[],"product_cat":[50,37,96,34],"product_tag":[],"_links":{"self":[{"href":"https:\/\/www.vidaldental.es\/index.php?rest_route=\/wp\/v2\/product\/4458"}],"collection":[{"href":"https:\/\/www.vidaldental.es\/index.php?rest_route=\/wp\/v2\/product"}],"about":[{"href":"https:\/\/www.vidaldental.es\/index.php?rest_route=\/wp\/v2\/types\/product"}],"wp:featuredmedia":[{"embeddable":true,"href":"https:\/\/www.vidaldental.es\/index.php?rest_route=\/wp\/v2\/media\/4460"}],"wp:attachment":[{"href":"https:\/\/www.vidaldental.es\/index.php?rest_route=%2Fwp%2Fv2%2Fmedia&parent=4458"}],"wp:term":[{"taxonomy":"product_cat","embeddable":true,"href":"https:\/\/www.vidaldental.es\/index.php?rest_route=%2Fwp%2Fv2%2Fproduct_cat&post=4458"},{"taxonomy":"product_tag","embeddable":true,"href":"https:\/\/www.vidaldental.es\/index.php?rest_route=%2Fwp%2Fv2%2Fproduct_tag&post=4458"}],"curies":[{"name":"wp","href":"https:\/\/api.w.org\/{rel}","templated":true}]}}