{"id":4462,"date":"2022-02-07T16:12:46","date_gmt":"2022-02-07T16:12:46","guid":{"rendered":"https:\/\/www.vidaldental.es\/?post_type=product&#038;p=4462"},"modified":"2023-03-08T16:25:15","modified_gmt":"2023-03-08T16:25:15","slug":"inserto-osteotomia-ot7-micro-sierra-principal-mectron-ref-03370007","status":"publish","type":"product","link":"https:\/\/www.vidaldental.es\/?product=inserto-osteotomia-ot7-micro-sierra-principal-mectron-ref-03370007","title":{"rendered":"Inserto Osteotom\u00eda OT7 micro sierra principal MECTRON Ref. 03370007"},"content":{"rendered":"<h2>Inserto Osteotom\u00eda OT7 micro sierra principal MECTRON<\/h2>\n<p>Punta de cirug\u00eda para PIEZOSURGERY con micro-sierra principal 0.55 mm<\/p>\n<p>Para osteotom\u00eda principal de alta eficacia. Toda la t\u00e9cnica de osteotom\u00eda en maxilar y mand\u00edbula (expansi\u00f3n de cresta, t\u00e9cnica de corticotom\u00eda, injerto de bloque \u00f3seo).<\/p>\n<p>Recubrimiento de nitruro de titanio.<\/p>\n","protected":false},"excerpt":{"rendered":"<p><strong>*Contacte con nosotros para conocer disponibilidad y ofertas<\/strong><\/p>\n","protected":false},"featured_media":4463,"template":"","meta":[],"product_cat":[50,37,96,34],"product_tag":[],"_links":{"self":[{"href":"https:\/\/www.vidaldental.es\/index.php?rest_route=\/wp\/v2\/product\/4462"}],"collection":[{"href":"https:\/\/www.vidaldental.es\/index.php?rest_route=\/wp\/v2\/product"}],"about":[{"href":"https:\/\/www.vidaldental.es\/index.php?rest_route=\/wp\/v2\/types\/product"}],"wp:featuredmedia":[{"embeddable":true,"href":"https:\/\/www.vidaldental.es\/index.php?rest_route=\/wp\/v2\/media\/4463"}],"wp:attachment":[{"href":"https:\/\/www.vidaldental.es\/index.php?rest_route=%2Fwp%2Fv2%2Fmedia&parent=4462"}],"wp:term":[{"taxonomy":"product_cat","embeddable":true,"href":"https:\/\/www.vidaldental.es\/index.php?rest_route=%2Fwp%2Fv2%2Fproduct_cat&post=4462"},{"taxonomy":"product_tag","embeddable":true,"href":"https:\/\/www.vidaldental.es\/index.php?rest_route=%2Fwp%2Fv2%2Fproduct_tag&post=4462"}],"curies":[{"name":"wp","href":"https:\/\/api.w.org\/{rel}","templated":true}]}}