{"id":4665,"date":"2022-02-26T17:43:58","date_gmt":"2022-02-26T17:43:58","guid":{"rendered":"https:\/\/www.vidaldental.es\/?post_type=product&#038;p=4665"},"modified":"2022-02-26T17:47:59","modified_gmt":"2022-02-26T17:47:59","slug":"set-de-tallas-alle-euronda-ref-270108","status":"publish","type":"product","link":"https:\/\/www.vidaldental.es\/?product=set-de-tallas-alle-euronda-ref-270108","title":{"rendered":"Set de Tallas ALLE EURONDA Ref. 270108"},"content":{"rendered":"<h2>Set de Tallas ALLE EURONDA<\/h2>\n<p>Set de tallas para la preparaci\u00f3n de la zona quir\u00fargica, pensado para cubrir superficies y al paciente.<\/p>\n<p>Para operar con total seguridad.<\/p>\n<p>Contenido:<\/p>\n<ul>\n<li>Talla quir\u00fargica de\u00a0 TNT + polietileno. Tama\u00f1o 50 x 75 cm. 2 unidades<\/li>\n<li>Talla con fisura en U y adhesivo de TNT + polietileno. Tama\u00f1o 50 x 75 cm \/ fisura 11 x 9 cm. 1 unidad<\/li>\n<\/ul>\n<p>Envasado en un bl\u00edster m\u00e9dico est\u00e9ril con doble etiqueta adhesiva. Los componentes est\u00e1n doblados individualmente y envueltos en papel m\u00e9dico.<\/p>\n<p>59 meses de esterilidad garantizada desde la fecha de fabricaci\u00f3n.<\/p>\n","protected":false},"excerpt":{"rendered":"<p>Set de Tallas ALLE EURONDA Set de tallas para la preparaci\u00f3n de la zona quir\u00fargica, pensado para cubrir superficies y al paciente. Para operar con total seguridad. Contenido: Talla quir\u00fargica de\u00a0 TNT + polietileno. Tama\u00f1o 50 x 75 cm. 2 unidades Talla con fisura en U y adhesivo de TNT + polietileno. Tama\u00f1o 50 x &#8230; <a title=\"Set de Tallas ALLE EURONDA Ref. 270108\" class=\"read-more\" href=\"https:\/\/www.vidaldental.es\/?product=set-de-tallas-alle-euronda-ref-270108\" aria-label=\"M\u00e1s en Set de Tallas ALLE EURONDA Ref. 270108\">Leer m\u00e1s<\/a><\/p>\n","protected":false},"featured_media":4667,"template":"","meta":[],"product_cat":[50,37,88,34],"product_tag":[],"_links":{"self":[{"href":"https:\/\/www.vidaldental.es\/index.php?rest_route=\/wp\/v2\/product\/4665"}],"collection":[{"href":"https:\/\/www.vidaldental.es\/index.php?rest_route=\/wp\/v2\/product"}],"about":[{"href":"https:\/\/www.vidaldental.es\/index.php?rest_route=\/wp\/v2\/types\/product"}],"wp:featuredmedia":[{"embeddable":true,"href":"https:\/\/www.vidaldental.es\/index.php?rest_route=\/wp\/v2\/media\/4667"}],"wp:attachment":[{"href":"https:\/\/www.vidaldental.es\/index.php?rest_route=%2Fwp%2Fv2%2Fmedia&parent=4665"}],"wp:term":[{"taxonomy":"product_cat","embeddable":true,"href":"https:\/\/www.vidaldental.es\/index.php?rest_route=%2Fwp%2Fv2%2Fproduct_cat&post=4665"},{"taxonomy":"product_tag","embeddable":true,"href":"https:\/\/www.vidaldental.es\/index.php?rest_route=%2Fwp%2Fv2%2Fproduct_tag&post=4665"}],"curies":[{"name":"wp","href":"https:\/\/api.w.org\/{rel}","templated":true}]}}