{"id":4761,"date":"2022-03-15T17:09:31","date_gmt":"2022-03-15T17:09:31","guid":{"rendered":"https:\/\/www.vidaldental.es\/?post_type=product&#038;p=4761"},"modified":"2023-03-08T15:58:07","modified_gmt":"2023-03-08T15:58:07","slug":"turbina-surgtorque-s459-l-de-kavo-ref-3-000-4808","status":"publish","type":"product","link":"https:\/\/www.vidaldental.es\/?product=turbina-surgtorque-s459-l-de-kavo-ref-3-000-4808","title":{"rendered":"Turbina SURGTorque S459 L KAVO Ref. 3.000.4808"},"content":{"rendered":"<h2><strong>Turbina SURGTorque S459 L KAVO Ref. 3.000.4808<\/strong><\/h2>\n<p>Turbina de alta velocidad con cabeza de 45\u00b0 desarrollada especialmente para fresas quir\u00fargicas de 25 mm, para trabajar en \u00e1reas dif\u00edciles y en la regi\u00f3n molar.<\/p>\n<p>Versi\u00f3n de luz para la perfecta visibilidad. oCmpatible con MULTIflex \/ 4 orificios est\u00e1ndar.<\/p>\n<p>Peso reducido, ergon\u00f3micamente balanceado para tratamientos m\u00e1s largos.<\/p>\n<p>&nbsp;<\/p>\n","protected":false},"excerpt":{"rendered":"<p><strong>*Contacte con nosotros para conocer disponibilidad y ofertas<\/strong><\/p>\n","protected":false},"featured_media":4763,"template":"","meta":[],"product_cat":[48,50,37,34,113],"product_tag":[],"_links":{"self":[{"href":"https:\/\/www.vidaldental.es\/index.php?rest_route=\/wp\/v2\/product\/4761"}],"collection":[{"href":"https:\/\/www.vidaldental.es\/index.php?rest_route=\/wp\/v2\/product"}],"about":[{"href":"https:\/\/www.vidaldental.es\/index.php?rest_route=\/wp\/v2\/types\/product"}],"wp:featuredmedia":[{"embeddable":true,"href":"https:\/\/www.vidaldental.es\/index.php?rest_route=\/wp\/v2\/media\/4763"}],"wp:attachment":[{"href":"https:\/\/www.vidaldental.es\/index.php?rest_route=%2Fwp%2Fv2%2Fmedia&parent=4761"}],"wp:term":[{"taxonomy":"product_cat","embeddable":true,"href":"https:\/\/www.vidaldental.es\/index.php?rest_route=%2Fwp%2Fv2%2Fproduct_cat&post=4761"},{"taxonomy":"product_tag","embeddable":true,"href":"https:\/\/www.vidaldental.es\/index.php?rest_route=%2Fwp%2Fv2%2Fproduct_tag&post=4761"}],"curies":[{"name":"wp","href":"https:\/\/api.w.org\/{rel}","templated":true}]}}