{"id":4781,"date":"2022-03-16T15:22:12","date_gmt":"2022-03-16T15:22:12","guid":{"rendered":"https:\/\/www.vidaldental.es\/?post_type=product&#038;p=4781"},"modified":"2023-02-17T11:21:16","modified_gmt":"2023-02-17T11:21:16","slug":"turbina-expert-torque-e680l-kavo-ref-1-006-8700","status":"publish","type":"product","link":"https:\/\/www.vidaldental.es\/?product=turbina-expert-torque-e680l-kavo-ref-1-006-8700","title":{"rendered":"Turbina dental EXPERTtorque E680L KAVO Ref. 1.006.8700"},"content":{"rendered":"<h2 style=\"text-align: left\"><strong>Turbina EXPERT TORQUE E680L KAVO Ref. 1.006.8700<\/strong><\/h2>\n<div class=\"field field-name-field-subtitulo field-type-text field-label-hidden\">\n<p>Turbina de acoplamiento MULTIflex de KaVo:<\/p>\n<\/div>\n<div class=\"field field-name-field-descripcion-corta field-type-text-long field-label-hidden\">\n<ul>\n<li>Marcha silenciosa y sin vibraciones (62 dB(A)).<\/li>\n<li>Rodamiento de cer\u00e1mica.<\/li>\n<li>Sistema de sujeci\u00f3n por bot\u00f3n (de hasta 30 N fuerza de sujeci\u00f3n).<\/li>\n<li>Potencia: 18 W.<\/li>\n<li>Combinaci\u00f3n ideal de \u00e1ngulos (100\u00b0-cabeza\/19\u00b0-codo).<\/li>\n<li>Spray de 4 toberas para una refrigeraci\u00f3n \u00f3ptima.<\/li>\n<li>Microfiltro de spray intercambiable.<\/li>\n<li>Efecto de retrosucci\u00f3n reducido.<\/li>\n<li>Superficie EXPERTgrip de KaVo.<\/li>\n<li>Sistema de acoplamiento:\u00a0KaVo MULTIflex.<\/li>\n<li>T\u00e9rmicamente desinfectable.<\/li>\n<li>Esterilizable\u00a0en autoclave hasta 135\u00b0C.<\/li>\n<\/ul>\n<p>Adem\u00e1s, el conductor de luz &#8211; barra de vidrio con 25.000 Lux de la turbina <strong>EXPERTtorque E680 L<\/strong>\u00a0garantiza una iluminaci\u00f3n sin sombras del punto de preparaci\u00f3n.<\/p>\n<\/div>\n","protected":false},"excerpt":{"rendered":"<p>Turbina EXPERT TORQUE E680L KAVO Ref. 1.006.8700 Turbina de acoplamiento MULTIflex de KaVo: Marcha silenciosa y sin vibraciones (62 dB(A)). Rodamiento de cer\u00e1mica. Sistema de sujeci\u00f3n por bot\u00f3n (de hasta 30 N fuerza de sujeci\u00f3n). Potencia: 18 W. Combinaci\u00f3n ideal de \u00e1ngulos (100\u00b0-cabeza\/19\u00b0-codo). Spray de 4 toberas para una refrigeraci\u00f3n \u00f3ptima. Microfiltro de spray intercambiable. &#8230; <a title=\"Turbina dental EXPERTtorque E680L KAVO Ref. 1.006.8700\" class=\"read-more\" href=\"https:\/\/www.vidaldental.es\/?product=turbina-expert-torque-e680l-kavo-ref-1-006-8700\" aria-label=\"M\u00e1s en Turbina dental EXPERTtorque E680L KAVO Ref. 1.006.8700\">Leer m\u00e1s<\/a><\/p>\n","protected":false},"featured_media":4783,"template":"","meta":[],"product_cat":[48,37,34,113],"product_tag":[],"_links":{"self":[{"href":"https:\/\/www.vidaldental.es\/index.php?rest_route=\/wp\/v2\/product\/4781"}],"collection":[{"href":"https:\/\/www.vidaldental.es\/index.php?rest_route=\/wp\/v2\/product"}],"about":[{"href":"https:\/\/www.vidaldental.es\/index.php?rest_route=\/wp\/v2\/types\/product"}],"wp:featuredmedia":[{"embeddable":true,"href":"https:\/\/www.vidaldental.es\/index.php?rest_route=\/wp\/v2\/media\/4783"}],"wp:attachment":[{"href":"https:\/\/www.vidaldental.es\/index.php?rest_route=%2Fwp%2Fv2%2Fmedia&parent=4781"}],"wp:term":[{"taxonomy":"product_cat","embeddable":true,"href":"https:\/\/www.vidaldental.es\/index.php?rest_route=%2Fwp%2Fv2%2Fproduct_cat&post=4781"},{"taxonomy":"product_tag","embeddable":true,"href":"https:\/\/www.vidaldental.es\/index.php?rest_route=%2Fwp%2Fv2%2Fproduct_tag&post=4781"}],"curies":[{"name":"wp","href":"https:\/\/api.w.org\/{rel}","templated":true}]}}