{"id":5048,"date":"2022-12-04T17:15:29","date_gmt":"2022-12-04T17:15:29","guid":{"rendered":"https:\/\/www.vidaldental.es\/?post_type=product&#038;p=5048"},"modified":"2023-03-08T15:42:58","modified_gmt":"2023-03-08T15:42:58","slug":"equipo-dental-kavo-estetica-e50-life-ref-e50-kavo","status":"publish","type":"product","link":"https:\/\/www.vidaldental.es\/?product=equipo-dental-kavo-estetica-e50-life-ref-e50-kavo","title":{"rendered":"Equipo Dental KAVO ESTETICA E50 LIFE Ref. 10103750"},"content":{"rendered":"<h4>Unidad Dental KAVO ESTETICA E50 LIFE Ref. 10103750<\/h4>\n<p>Trabaje de manera intuitiva, sin per\u00edodo de adaptaci\u00f3n. En su unidad de tratamiento KaVo hallar\u00e1 todas las funciones all\u00ed donde espera encontrarlas.<\/p>\n<p>Botones directos sin doble funci\u00f3n le permiten un manejo intuitivo.<\/p>\n<p>Junto con la pantalla claramente estructurada y el acreditado esquema de colores KaVo, este dise\u00f1o le permitir\u00e1 orientarse de inmediato, garantiz\u00e1ndole un trabajo sin interrupciones y, por consiguiente, m\u00e1s tiempo efectivo de tratamiento.<br \/>\nCons\u00faltanos todas sus especificidades, precio y cuestiones t\u00e9cnicas sin compromiso.<\/p>\n","protected":false},"excerpt":{"rendered":"<p><strong>*Contacte con nosotros para conocer disponibilidad y ofertas<\/strong><\/p>\n","protected":false},"featured_media":5049,"template":"","meta":[],"product_cat":[37,99,34],"product_tag":[],"_links":{"self":[{"href":"https:\/\/www.vidaldental.es\/index.php?rest_route=\/wp\/v2\/product\/5048"}],"collection":[{"href":"https:\/\/www.vidaldental.es\/index.php?rest_route=\/wp\/v2\/product"}],"about":[{"href":"https:\/\/www.vidaldental.es\/index.php?rest_route=\/wp\/v2\/types\/product"}],"wp:featuredmedia":[{"embeddable":true,"href":"https:\/\/www.vidaldental.es\/index.php?rest_route=\/wp\/v2\/media\/5049"}],"wp:attachment":[{"href":"https:\/\/www.vidaldental.es\/index.php?rest_route=%2Fwp%2Fv2%2Fmedia&parent=5048"}],"wp:term":[{"taxonomy":"product_cat","embeddable":true,"href":"https:\/\/www.vidaldental.es\/index.php?rest_route=%2Fwp%2Fv2%2Fproduct_cat&post=5048"},{"taxonomy":"product_tag","embeddable":true,"href":"https:\/\/www.vidaldental.es\/index.php?rest_route=%2Fwp%2Fv2%2Fproduct_tag&post=5048"}],"curies":[{"name":"wp","href":"https:\/\/api.w.org\/{rel}","templated":true}]}}